 = -b**2 - b - 2. Let l = -49 - -46. Give z(l).
-8
Suppose -5*x + 25 = -0*x. Suppose 0 = -i - x, -y - 5*i - 25 = -0*y. Let b(u) = -2*u + 8 - 15 + u + 9. What is b(y)?
2
Suppose -4*o - 12 = -4*d, 2*d - 7*d = o - 45. Let t = -2 + d. Let i(h) = h**3 - 4*h**3 + 5*h**2 + 2*h**3 - t*h + 2. Determine i(4).
-6
Suppose -3*b + 5*q - 32 = 0, -7 = -2*q + 1. Let a(h) = h**3 + 3*h**2 - 7*h - 6. Determine a(b).
6
Suppose -2 = 4*z - 22. Suppose s + 2*k = 5*k + 5, s - z*k - 9 = 0. Let w(q) = -16*q - 1. What is w(s)?
15
Let l = 24 - 21. Let c(f) be the second derivative of -1/2*f**2 + 1/6*f**l - 1/3*f**4 + 1/20*f**5 + 0 - f. Determine c(3).
-7
Let m(j) = -j**2 + 7*j + 1. Suppose -x - 36 = -40. Calculate m(x).
13
Let w(d) = 29*d - 15*d - 6 - 15*d. Give w(-3).
-3
Suppose -3*k = 2*w, -k - 4*w = -5*w - 5. Suppose k*t = -t - 15. Let n(j) = j**2 + 5*j. Give n(t).
0
Let i(o) = o**3 + o**2 - o + 1. Let u be i(0). Let v be -3 + 1 + u + 9. Suppose 0 = 4*s - 0 + v. Let l(d) = -d**2 - 2*d - 2. Calculate l(s).
-2
Let t(o) = o**3 - 4*o**2 - 2*o - 2. Let r be ((-48)/18)/(2/(-3)). Suppose 0*g + 8 = r*g. Suppose 3*d - 20 = -g*d. Determine t(d).
-10
Suppose -8*o + 5 = -3*o. Suppose p + 4*h = -8 + 1, -p = -3*h - 7. Let f(l) = l - 1 - 2*l**2 + p. Calculate f(o).
-1
Let b(k) = 7*k + 2. Suppose 2*z - 6*z = i - 6, 2*z - 2 = -i. What is b(i)?
-12
Let s(m) be the third derivative of m**7/2520 - 7*m**6/720 + m**5/20 - m**4/12 + m**2. Let o(b) be the second derivative of s(b). What is o(6)?
0
Let p(v) = -1 - 4*v + 2*v + 2946*v**2 - 2934*v**2. Give p(-1).
13
Let s(k) = k**3 + 3*k**2 - 2*k - 1. Let y be s(-3). Suppose -3*f = 7 - 37. Suppose -y*g - 15 - f = 0. Let n(q) = -q - 5. Give n(g).
0
Let b(q) = q**3 + 3*q**2 + 2*q - 2. Let j(n) = -n**3 + 8*n**2 - 2*n - 9. Let l(t) = t**3 - t**2. Let m(o) = -j(o) - 2*l(o). Let s be m(-6). Calculate b(s).
-8
Let m = -13 - -15. Let x(a) = a**3 - a + 0*a**3 + m + 3. What is x(0)?
5
Let s(i) = -2*i**3 + i**2 + i + 1. Let h(q) = -11*q**3 + 3*q**2 + q + 10. Let z(g) = h(g) - 6*s(g). What is z(4)?
0
Let z(r) be the second derivative of -r**6/720 - r**5/120 - 7*r**4/12 + 3*r. Let t(h) be the third derivative of z(h). Determine t(-2).
1
Let y(f) = -3 - 20*f + 4*f**3 - 3*f**3 - 2*f**2 + 17*f. Let b be y(3). Let m(c) = -c**3 - 3*c**2 + 3*c - 4. Determine m(b).
-13
Let p(k) = -13*k**2 + 2*k - 1. Let t(x) = x**3 - 4*x**2 + 5*x - 5. Suppose 0 = 4*y + 5*u + 3, -4*y + 2 = u - 7. Let v be t(y). Determine p(v).
-12
Let y be 2/6 - 133/21. Let i(x) = -2*x. Give i(y).
12
Let n(i) = -4*i - 3 - 1 + 3*i + 2*i. Suppose -h + 0*a - 2*a = 0, 0 = -h + 4*a - 18. Give n(h).
-10
Let p be (-10 + 9)/(1/(-3)). Let m(w) = -6*w + 1. Give m(p).
-17
Suppose 15*i = 8*i + 63. Let z(t) = t - 11. What is z(i)?
-2
Suppose 4*p = -3*r + 7, 0 = -5*p + 2*r + 3 - 0. Suppose -4*t + 8 + 0 = 0. Let d(y) = 4*y + 0*y - 5*y - 1 + y**t. Give d(p).
-1
Let r(p) = 2*p**2 + 2 + 5*p - 5*p**2 - p**2 - p**3 - p. Give r(-5).
7
Suppose -s + 1 = 3*p, -2*p - 5*s = -0*s - 5. Let x(z) = z**2 - 9. Calculate x(p).
-9
Let w(i) = i**3 - 5*i**2 + 3*i - 3. Let k be w(4). Let p(o) = -o - 8. Determine p(k).
-1
Let w(s) = s**3 + 8*s**2 + 5*s + 2. Let x be w(-7). Let n(l) = 3 + 9*l**2 + 2*l + 8*l**2 - x*l**2. Suppose -h + 6 = -3*h. What is n(h)?
6
Let n(t) be the first derivative of -t**3/3 + t**2/2 + 7*t + 17. Suppose -2*i + 5*m + 10 = 0, 4*m - 5 = -4*i + 15. Calculate n(i).
-13
Suppose -32 = -3*w - 8. Let j(y) = y**3 - 9*y**2 + 8*y - 4. Give j(w).
-4
Let v(m) be the third derivative of -m**5/60 + m**4/24 + 6*m**2. Give v(0).
0
Let f be (-2)/3*9*1. Let z(l) = -4*l + 5. Let h(n) = -10*n + 12. Let j(k) = -5*h(k) + 12*z(k). What is j(f)?
-12
Suppose 7*c - 15 = 4*c. Let u(i) = -i**2 + 6*i. What is u(c)?
5
Let g be (-1 + 2)*(-1 - -2). Let o(h) = -h - 1. Let s(a) = 4*a + 4. Let p(i) = -3*o(i) - s(i). Calculate p(g).
-2
Let n = 1 - 1. Suppose 0 = -3*h + 12 - 0. Let t(b) = -4 + b - 2 + h. Calculate t(n).
-2
Let j = 2 + 3. Let n(l) = l**2 - 3*l - 5. Give n(j).
5
Let i(s) = 11*s**3 - s**2 - s + 1. Let y be 4 - (4 + 3 + -4). Give i(y).
10
Let y(w) be the second derivative of -5*w**3/6 + 5*w**2/2 + w. Let z(t) = -14*t + 14. Let f(k) = 11*y(k) - 4*z(k). Calculate f(-3).
-4
Let q(c) be the third derivative of c**6/120 + c**5/12 + c**4/6 - c**3/6 + 65*c**2 - 1. Let j be ((-2)/(-2))/((-2)/12). Let k be 14/j + (-2)/3. Determine q(k).
5
Suppose -i - 1 - 4 = 0. Let x(u) be the first derivative of -2*u - 1/2*u**2 + 1. Give x(i).
3
Let x(l) = -l**3 + 3*l**2 + l + 2. Suppose -3*o + 22 = -2*p, -3*o - o + 36 = -4*p. Give x(o).
-10
Let m(k) = -k**2 - 5*k - 3. Let o(x) = -x**2 + 6*x - 2. Let q be o(4). Suppose -3*b + q = 18. Determine m(b).
1
Suppose -28 = -2*o - 5*v, -2*o - v + 10 + 10 = 0. Let b(z) = -8*z**3 - o*z**3 - 1 + 9*z**3 - 2*z. Give b(-1).
9
Let p(f) = -f**2 - 6*f - 5. Let c = -10 - 0. Let d = c + 6. Give p(d).
3
Let s(f) = -5*f - 13. Let c(m) = -m - 1. Let q(r) = -4*c(r) + s(r). Let b(z) = z**2 + 3*z - 4. Let n be b(-4). Calculate q(n).
-9
Let c(d) = -4*d**3 + 2*d + 3. Let s(l) = -3*l**3 + l + 2. Let a(w) = -2*c(w) + 3*s(w). Determine a(0).
0
Let q(k) = -k**2 + 4*k - 3. Suppose 2*y = -4*f + 18, -11 = -f - f + y. Give q(f).
-8
Let z(w) = 3*w - 2 - 1 + w - 2*w. Let g(o) = -2*o - 10. Let p be (-18)/(-24) + (-62)/8. Let m be g(p). Determine z(m).
5
Let r = 21 - 22. Let h(x) = x**2 - 2*x - 1. What is h(r)?
2
Let d(o) = 4*o - 3 + 0 + 0*o + 3*o**2 + 5. What is d(-2)?
6
Let a(l) = l**3 + 2*l**2 - 3*l - 3. Let n(c) = c**2 - 1. Let s(h) = h**3 - h**2 + 1. Let i be s(0). Let v be n(i). Let k = v + -2. What is a(k)?
3
Let o(a) = -5*a + 12. Let f(b) = -b + 3. Let p(z) = 9*f(z) - 2*o(z). Give p(3).
6
Let j = 1 + 2. Let d(i) = -3*i + i + j + 4*i. Calculate d(-2).
-1
Let j(z) = z**2 + 6*z + 5. Let b be j(-4). Let l(k) = 2*k**2 + 3*k - 3. Determine l(b).
6
Let y(a) = 9*a**2. Let j(v) = v**3 - 6*v**2 - 8*v + 5. Let r be j(7). Let d be ((-3)/6)/(1/r). Calculate y(d).
9
Let x(r) be the first derivative of r**3/6 - 5*r**2/2 - 7*r + 6. Let u(a) be the first derivative of x(a). What is u(0)?
-5
Let y(s) = -4*s + 3. Let w be 0 + -1 - -4*1 - 7. Calculate y(w).
19
Suppose 9 = -2*n + 3. Let z(l) = -l**2 + 4. What is z(n)?
-5
Let x(q) = -q**2 - q + 15. Let d = 39 - 39. What is x(d)?
15
Suppose b - 6 = -1. Let v(j) = -b + 2 + 0 - j**3 - 4*j + 4*j**2 + 2*j. Calculate v(3).
0
Let r(j) be the second derivative of -j**3/6 - 5*j**2/2 - j. Determine r(5).
-10
Let h(o) = -o - 1. Let q(g) = -g + 1. Let w(t) = -14. Let s(p) = -8*q(p) - w(p). Let k(m) = -4*h(m) - s(m). Give k(-3).
10
Let n be (-1)/(-2)*168/21. Let y(h) = -h + 3. Calculate y(n).
-1
Let n(m) = m + 6. Suppose -4*h + 23 = -3*j + 2*j, -2*h = -3*j - 19. Suppose -3 = 5*v - 4*k, -4*v - 14 = -k - h. What is n(v)?
3
Let b(d) = 0 + 1 - 2*d + d - 8. Determine b(-5).
-2
Let k(m) = -8*m + 6 + 6*m + 3*m. Let i(v) = -v**2 - v + 1. Let x be i(2). Determine k(x).
1
Let f(d) be the second derivative of -d**5/10 + d**4/4 - d**3/6 + d**2/2 + 9*d. Calculate f(2).
-5
Let g(k) be the third derivative of k**4/8 + 3*k**2. Let q(w) = w**3 + 4*w**2 + w + 5. Let u be q(-4). What is g(u)?
3
Let x(z) = -70 + 10*z + 37 + 34. What is x(2)?
21
Let a(g) = -8*g + 4. Let j(p) = 9*p - 3. Let h(k) = -4*a(k) - 5*j(k). What is h(1)?
-14
Let w(o) be the second derivative of -o**4/12 - 5*o**3/6 - 5*o**2/2 - o. Determine w(-4).
-1
Let q(a) be the third derivative of -a**5/60 - a**4/24 + 7*a**3/6 - 2*a**2. Suppose d = -0*d + 2. Let w = 2 - d. Calculate q(w).
7
Let b(s) be the second derivative of s**5/20 - s**4/2 + 2*s**3/3 + 2*s**2 + s. Let z be b(5). Let x be (-7)/(z - 0) - 2. Let p(y) = -y**2 + 5*y. Determine p(x).
0
Let d(h) be the first derivative of -2*h**3/3 + h - 1. Calculate d(1).
-1
Let s = -10 + 9. Let t(w) = -11*w**3 - 2*w**2 - 2*w - 1. Determine t(s).
10
Let m be (1 - 16) + 3/3. Let i = -9 - m. Let s(r) = 5*r**3 - 9*r**2 - 5*r - 3. Let a(p) = 4*p**3 - 8*p**2 - 4*p - 2. Let f(t) = -4*a(t) + 3*s(t). Give f(i).
4
Let a(c) = -4*c**2 - 3*c. Let p(k) = -3*k**2 - 2*k. Let g(r) = -4*a(r) + 5*p(r). Give g(2).
8
Let n = -6 - -1. Let u(w) be the third derivative of w**6/120 + w**5/15 - 5*w**4/24 + w**3 - 124*w**2. Calculate u(n).
6
Let k(j) be the third derivative of -j**6/15 + j**5/60 - j**4/24 + j**3/6 + 8*j**2. What is k(1)?
-7
Let a(k) = -2*k - 